ase 7, what is 1 + -154612351?
-154612350
In base 6, what is 4 + 23311242115?
23311242123
In base 7, what is -23302 + -13302?
-36604
In base 4, what is 330021002103 + -2?
330021002101
In base 14, what is -538 - -9bc69?
9b731
In base 16, what is 99e - -67d?
101b
In base 15, what is -4979 + -b9?
-4a43
In base 12, what is 4244 + 120?
4364
In base 16, what is -16cc + 69?
-1663
In base 15, what is 1893 + -1257?
63b
In base 7, what is -264620252 + -21?
-264620303
In base 9, what is -16454 + -31054?
-47518
In base 13, what is -8c504c + 4?
-8c5048
In base 2, what is 1001001000001110110101 + -1?
1001001000001110110100
In base 4, what is -1221 + 121102123102?
121102121221
In base 4, what is -2121331 - -111021?
-2010310
In base 16, what is 113f6 + 29e?
11694
In base 12, what is 1987577a - -2?
19875780
In base 11, what is -1689a + 11?
-16889
In base 4, what is 232000210103 - -11?
232000210120
In base 13, what is -3 - -31cca978?
31cca975
In base 15, what is 1 + -c8c75d?
-c8c75c
In base 6, what is -41 + 1241320210?
1241320125
In base 16, what is -8626027 - 4?
-862602b
In base 5, what is 1 + -131120402331?
-131120402330
In base 10, what is 104605 + 187?
104792
In base 4, what is 2010113 - -1021331?
3032110
In base 10, what is 11858320 + 37?
11858357
In base 4, what is 1332102 + -220203?
1111233
In base 13, what is 483 - -154541?
1549c4
In base 6, what is 2551415001 + -3?
2551414554
In base 15, what is abbb8 - -5?
abbbd
In base 2, what is 10110111111010 - -1111011?
10111001110101
In base 7, what is 4 - -302233101?
302233105
In base 7, what is -23453040 + 105?
-23452632
In base 3, what is 12 - -212121202222?
212121210011
In base 4, what is 22 - 101210333311?
-101210333223
In base 16, what is 2 - -3a91ff?
3a9201
In base 10, what is -11684436 - -5?
-11684431
In base 9, what is 11837 + 80707?
102645
In base 14, what is 194 - 3133?
-2d7d
In base 15, what is -10 - 61de4d?
-61de5d
In base 4, what is -30 - 111221121232?
-111221121322
In base 12, what is -257 + 46b57?
46900
In base 4, what is 22 + -1220133221?
-1220133133
In base 16, what is 100e86 + 11?
100e97
In base 12, what is 29903 + -36?
29889
In base 4, what is -11 - -333200202023?
333200202012
In base 5, what is -11132403242 - 22?
-11132403314
In base 16, what is -7 - -34a7b7?
34a7b0
In base 14, what is -7 - -151b80?
151b77
In base 16, what is 3 - -bfedb5?
bfedb8
In base 10, what is 9 - 408018?
-408009
In base 16, what is -f8624 + c?
-f8618
In base 9, what is 22 - -131565?
131587
In base 11, what is a903 + 163?
aa66
In base 9, what is 182570 - -57?
182637
In base 16, what is e3 + 5a270?
5a353
In base 13, what is -347a1a - 76?
-347a93
In base 9, what is -74 - 6642324?
-6642408
In base 8, what is 27 + 1065677?
1065726
In base 12, what is 2 + 5856a0?
5856a2
In base 7, what is 1101006 - -3305?
1104314
In base 10, what is 9092905 + -15?
9092890
In base 9, what is 402844 + -15?
402828
In base 11, what is 1714367 + 8?
1714374
In base 6, what is 2414101 - 220?
2413441
In base 9, what is 103276 + -1?
103275
In base 14, what is 2a110 - -1150?
2b260
In base 14, what is 4231 - 880?
3791
In base 16, what is 1111 + 17a3e?
18b4f
In base 7, what is -454534 + -1535?
-456402
In base 16, what is -105d7 - -3f6?
-101e1
In base 5, what is -1201200 + 120?
-1201030
In base 3, what is -11000212121 - -10?
-11000212111
In base 7, what is 36566606 - -2?
36566611
In base 11, what is 1 - -456165?
456166
In base 15, what is -3 + -5160cca?
-5160ccd
In base 11, what is -16a + -917?
-a86
In base 6, what is -41 + -1010333?
-1010414
In base 7, what is -303 - 1230030?
-1230333
In base 12, what is -4 - 316124?
-316128
In base 12, what is -38347 + 4657?
-338b0
In base 11, what is 323085 - -445?
32351a
In base 4, what is -1223 + -1033130200?
-1033132023
In base 6, what is -11255030 - -1013?
-11254013
In base 4, what is 210003201 - 110?
210003031
In base 6, what is -143032 + 12355?
-130233
In base 2, what is -101001 + 10101010110101111000010?
10101010110101110011001
In base 2, what is -111101001101001000 + -1110010111?
-111101011011011111
In base 12, what is -5aa4 + -1b4?
-6098
In base 7, what is 234504 - 30?
234444
In base 10, what is 18449 + 4727?
23176
In base 8, what is 56641310 - -4?
56641314
In base 14, what is 21689abb - 0?
21689abb
In base 6, what is 30132445 - -13?
30132502
In base 7, what is 43 - 4263431?
-4263355
In base 16, what is 3 - d4c2a6?
-d4c2a3
In base 11, what is -6 + 260a3127?
260a3121
In base 15, what is de295 + -5?
de290
In base 11, what is -206865 + -78?
-206932
In base 14, what is 139 + -176c2?
-17587
In base 12, what is a - -4260272?
4260280
In base 15, what is -2 + -6dd3b29?
-6dd3b2b
In base 2, what is 11110110001010001 + -1011?
11110110001000110
In base 8, what is 0 + 555501017?
555501017
In base 6, what is 20340121 + 133?
20340254
In base 5, what is -1040234 - 4111?
-1044400
In base 15, what is 3ad - 1678?
-12ba
In base 3, what is 122012000 + 1112102?
200201102
In base 6, what is 25125035541 + -2?
25125035535
In base 10, what is -13 + 776592?
776579
In base 16, what is -3 - a898?
-a89b
In base 13, what is -3 - 8bb596?
-8bb599
In base 11, what is -2 + -1a6537?
-1a6539
In base 8, what is 31 - -134312070?
134312121
In base 11, what is 8187124 + -14?
8187110
In base 12, what is -19777 + 10b4a?
-8829
In base 4, what is -3 + -21311103231?
-21311103300
In base 16, what is 5 - 8f2375?
-8f2370
In base 6, what is -3551 + -23104?
-31055
In base 15, what is -4 - -1108dc6d?
1108dc69
In base 12, what is 264581 + -4?
264579
In base 11, what is -4a401a + 9a?
-4a3a30
In base 4, what is 223 - -20213223002?
20213223231
In base 8, what is 12424334 + -6?
12424326
In base 2, what is -1011101101001011111 + -111100111?
-1011101110001000110
In base 10, what is 2 - 2802546?
-2802544
In base 10, what is -5904655 + 3?
-5904652
In base 2, what is -10011101001101010111 - -1100000110?
-10011101000001010001
In base 12, what is -2397 - -b44b?
9074
In base 7, what is -542526555 + 5?
-542526550
In base 8, what is 461155430 + 13?
461155443
In base 10, what is -644207 - -13?
-644194
In base 7, what is 4 - -4561352?
4561356
In base 15, what is 150ce - -2333?
17412
In base 8, what is -2035 + 16417?
14362
In base 5, what is -240013221 + -3412?
-240022133
In base 13, what is -24 + 8aa83?
8aa5c
In base 11, what is 59 - 606706?
-606658
In base 11, what is 257 - -20791?
20a38
In base 4, what is -11133301203 - -100?
-11133301103
In base 14, what is 2 + 2cc6ddba?
2cc6ddbc
In base 5, what is 100340342 + -1401?
100333441
In base 10, what is -40877 + 1921?
-38956
In base 15, what is 5c81e55b + 4?
5c81e560
In base 3, what is 1 - -210222200112020?
210222200112021
In base 6, what is 5 + -42125352?
-42125343
In base 5, what is 32114 - -11204313?
11241432
In base 14, what is 8 - 7399b9?
-7399b1
In base 14, what is bb + 499c?
4a79
In base 7, what is 1363432463 - 3?
1363432460
In base 4, what is 111003031 - -11?
111003102
In base 14, what is 31 - -78b6a?
78b9b
In base 4, what is 11333 + -10033301?
-10021302
In base 14, what is 32ac4 + -49?
32a79
In base 7, what is -166206 + 6424?
-156452
In base 15, what is 6906306 + -2?
6906304
In base 11, what is 6 - 19125a08?
-19125a02
In base 9, what is 15 - 1415460?
-1415444
In base 7, what is 55225304 - 1?
55225303
In base 16, what is 9e - 9d38?
-9c9a
In base 3, what is -120221 + -10110101022?
-10110222020
In base 9, what is 4 + 5366537?
5366542
In base 15, what is -e3 - 58d8?
-59cb
In base 5, what is -103114 - 21201?
-124320
In base 2, what is -1100001111011 - 1001011111101101?
-1011000001101000
In base 11, what is 15 - -1a85456?
1a85470
In base 11, what is 165 + -86546?
-86391
In base 8, what is -620631 - -513?
-620116
In base 4, what is 0 - -10333011312?
10333011312
In base 2, what is 1111001100111111011000010 - 100?
1111001100111111010111110
In base 6, what is 3 - 31041432?
-31041425
In base 7, what is -24565550 - -264?
-24565253
In base 2, what is 1010010011111001001100 - 10101011?
1010010011110110100001
In base 6, what is 1152505132 + -5?
1152505123
In base 5, what is 10243030203 + 4?
10243030212
In base 6, what is -104254 - -24441?
-35413
In base 11, what is 5 - 85935160?
-85935156
In base 7, what is -1652623 - 30313?
-2013236
In base 15, what is 90 - 52e73?
-52dd3
In base 13, what is -7a48714c + -1?
-7a487150
In base 13, wha